emainder when o is divided by a?
7
Suppose 3*b - b = 0. Suppose 2*j - 10 - 36 = b. Suppose 0 = -2*m + 3*y + 15 + 1, -5*y - 8 = -m. Calculate the remainder when j is divided by m.
7
Let v(h) = 6*h + 8. Calculate the remainder when v(6) is divided by 9.
8
Let l = 15 - 10. Suppose 4*c - 6 = 6. Suppose -c*o - f + 47 = -2*f, 5*o - 65 = -l*f. Calculate the remainder when 28 is divided by o.
13
Let z(m) = 3*m - 2*m - 3*m + 24*m. What is the remainder when z(1) is divided by 8?
6
Suppose -b + 2 = 4*t - 9, 21 = -b + 4*t. Let x(q) be the first derivative of 2*q**3/3 + q**2/2 - 2*q + 1. What is the remainder when x(b) is divided by 22?
21
Let c(s) = -4*s - 12. Suppose -3 = n - 36. What is the remainder when n is divided by c(-6)?
9
Suppose -4*z + 21 + 5 = y, 0 = 5*z - 5*y - 20. Calculate the remainder when z/21 + (-178)/(-14) is divided by (-2 - -6) + (2 + 0 - -2).
5
What is the remainder when 117 is divided by (3 - 357/14)*2/(-3)?
12
Let t = 4 - 2. What is the remainder when 6 is divided by t?
0
Let h(q) = q + 11. Calculate the remainder when 13 is divided by h(-8).
1
Suppose 0 = -q + 3. Suppose q*m = -0*m + 15. What is the remainder when 13 is divided by m?
3
Suppose 3*v - 12 = v - 2*c, v - 2 = 3*c. What is the remainder when 8 is divided by v?
3
Suppose 0 = -0*n + 4*n - 160. Suppose 4*c = 9*c - n. What is the remainder when 22 is divided by c?
6
Let w be 6/8 + (-4)/(-16). Let i(f) = -3*f + 4. What is the remainder when i(-3) is divided by (w*3)/(30/40)?
1
Let i(l) be the second derivative of -13*l**3/6 - l**2/2 + l. Suppose 0 = -0*g + 7*g + 14. Calculate the remainder when i(g) is divided by 9.
7
Suppose 38 = h - 5. What is the remainder when 128 is divided by h?
42
Suppose -5*j - 28 = -113. What is the remainder when 5/((-10)/(-132)) - 1 is divided by j?
14
Let r(t) = 14*t + 6. Suppose -4*h + 5*p + 4 = -15, -2*h = -3*p - 9. Calculate the remainder when r(h) is divided by 23.
21
Let n(u) = 2*u**3 - 5*u**2 + 2*u. What is the remainder when 27 is divided by n(3)?
12
Suppose 2*d - 5*p + 106 = 6*d, 2*p - 4 = 0. What is the remainder when d is divided by 7?
3
Let v be ((-3)/4)/(2/(-8)). Suppose 0*l - 6 = -v*l. Calculate the remainder when 5 is divided by l.
1
Let p(m) = -10*m - 8. What is the remainder when 82 is divided by p(-5)?
40
Let t = 225 + -211. Let m(k) = -25*k + 1. Calculate the remainder when m(-1) is divided by t.
12
Suppose 0 = 4*q + 2*m + 19 - 53, -3*q = -5*m - 45. Calculate the remainder when 26 is divided by q.
6
Suppose -3*p = -7*p + 32. Suppose 5*m = 4*c - 475 + 70, 403 = 4*c - 3*m. Suppose 0 = 4*n - c + 8. What is the remainder when n is divided by p?
7
Suppose 9*x = 7*x + 40. Calculate the remainder when 59 is divided by x.
19
Suppose -5*h - 5*w = -30, -12 = -h + w + 4*w. Let s be (-2)/8 - 126/8. What is the remainder when h is divided by s/(-10)*(-15)/(-6)?
3
Let i = 79 + -62. Let f(x) = -3*x + 1. Let o be f(2). Calculate the remainder when i is divided by (-43)/o - 4/(-10).
8
Let u(o) = -o**3 + 5*o**2 + 3*o - 3. Calculate the remainder when 35 is divided by u(5).
11
Suppose -2*c = -3*i + 130, 2*i + 202 = 7*i + 4*c. Suppose 18 = 5*k - i. Let l = k - 7. Calculate the remainder when l is divided by 3.
2
Let w be ((-15)/(-6))/((-1)/(-2)). Suppose -4*z = -w*z - 1. Calculate the remainder when 46 is divided by 14 + (1 - 0 - z).
14
Let g = 13 + 39. Suppose -g = -4*o + 2*o. What is the remainder when o is divided by 14?
12
What is the remainder when 75 is divided by (-186)/(-10) - (-14)/35?
18
Suppose i = -4*i + 70. Calculate the remainder when i is divided by (-50)/(-12) + 13/(-78).
2
Suppose -2*m + 7*m = 5*v + 135, 4*m - 102 = v. What is the remainder when m is divided by (-19)/(-2) + 6/(-12)?
7
Let o(h) = 3*h. Let n(t) = t**3 - 6*t**2 - 6*t - 4. Let x be n(7). Suppose -x*q = -6*q + 33. Calculate the remainder when q is divided by o(2).
5
Suppose 5*m - p - 80 = -0*p, 3*p = 5*m - 70. Let n(h) = 4*h**2 - 5*h + 6. What is the remainder when n(4) is divided by m?
16
Let w(k) = -k**3 - k + 6. What is the remainder when 16 is divided by w(0)?
4
Suppose 0 = -5*m + 31 - 1. Let d = 6 + m. Calculate the remainder when 35 is divided by d.
11
Suppose 4*c - 6 = c. Suppose -c = 4*x - 10. Calculate the remainder when 2 is divided by x.
0
Suppose 4*b + 3*q - 60 = 0, 4*q = -3*b + 5*q + 45. Suppose -z + b = 4*z. Suppose -d + 136 = z*d. Calculate the remainder when d is divided by 12.
10
Suppose g - 57 = -4*z + 89, 152 = 4*z + 4*g. What is the remainder when 71 is divided by z?
35
Let r = 21 + -15. Let s = r - 3. Calculate the remainder when 4 is divided by 2 + (-2)/((-6)/s).
1
Suppose -77 = 4*v + 27. Let z = -11 - v. Calculate the remainder when z is divided by 8.
7
Suppose 2*m + 63 = 9*m. Suppose 93 = 8*d - 3*d - 4*g, -2*d + 38 = -2*g. Calculate the remainder when d is divided by m.
8
Suppose -615 = -51*k + 609. Suppose -2*o + 0*o - 2 = 4*q, -5*o + 4*q = -65. Let w = 4 + o. Calculate the remainder when k is divided by w.
11
Let z(c) be the second derivative of c**3/6 + 11*c**2/2 - 8*c. What is the remainder when 76 is divided by z(15)?
24
Let m be (3 + -48)*2/(-5). Calculate the remainder when 2*3*183/m is divided by 16.
13
Let a be (1 - 0) + -2 + 0. Let d(p) = -26*p + 1. What is the remainder when d(a) is divided by 14?
13
Suppose -5*k + 7*k - 218 = 0. What is the remainder when k is divided by 10?
9
Let x = 19 - -73. Let j(o) = o**2 + 13*o - 42. Let n be j(-12). Let k = x + n. What is the remainder when k is divided by 20?
18
What is the remainder when (-6)/(2/6 - 25/48) is divided by 17?
15
Let a = 50 + -28. Suppose -2*c - 13 + 41 = 2*v, -3*c + 2*v = -a. Calculate the remainder when c is divided by 3.
1
Suppose -2*c = 2*c - 12. Let j be (-4 + c)*-1*1. What is the remainder when ((-4)/10)/(j/(-55)) is divided by 12?
10
Let t(m) = -m**2 - m + 4. Let v be t(0). Let x = -4 - v. Let b(k) = -k**3 - 8*k**2 - 3*k + 9. What is the remainder when b(x) is divided by 12?
9
Let f be 6/(-3 - (-1 - 0)). Suppose -2*v + 10 = l, 3*v + l = 8 + 5. Calculate the remainder when (3 + f)/1 - -3 is divided by v.
0
Let k = 7 - 2. Let v(t) = -10*t**2 + t**3 + 1 + 3*t - k - 6 - 1. What is the remainder when 55 is divided by v(10)?
17
Suppose -2*s - 12 + 28 = 0. Let f(l) = -3*l + 4. Calculate the remainder when f(-6) is divided by s.
6
Suppose 5*a = 5*f + 175, -4*a = -9*a - 5*f + 155. What is the remainder when a is divided by 9?
6
Let w = -10 - -20. Suppose -5*v = -v - 380. Suppose 3*a - d = v - 16, -2*a + 52 = -d. Calculate the remainder when a is divided by w.
7
Let y = 40 - 21. Let b be (2/4)/((-3)/(-24)). Suppose 2*c + b*z - 102 = 0, z + z = -4. What is the remainder when c is divided by y?
17
Let w(p) = 14*p + 2. Let o be w(-4). Let a = -30 - o. Calculate the remainder when 45 is divided by a.
21
Let o(m) = 3*m + 11. What is the remainder when (-2 + 0)/(-4)*40 is divided by o(0)?
9
Calculate the remainder when 47 is divided by -12*(-4)/6*2.
15
Let i be (-6)/4*(-2)/3. Let r be i + 3/3*69. Suppose s - 2*z - 2*z = 28, 4*s - r = 2*z. Calculate the remainder when 30 is divided by s.
14
Let f(u) be the second derivative of u**5/20 - u**4/3 - u**3/2 + u**2/2 - 3*u. Calculate the remainder when f(5) is divided by 4.
3
What is the remainder when ((-2 - 6) + -8 + 13)*-5 is divided by (9/4)/((-1)/(-4))?
6
What is the remainder when -4 + 39 + 0 + (-6)/2 is divided by 11?
10
Suppose 4*q - 82 - 158 = 0. Suppose -q = 3*n - 8*n. Calculate the remainder when 22 is divided by n.
10
Let y(u) = -6*u + 6. What is the remainder when y(-2) is divided by 6?
0
Suppose 2*x + 2*c - 5*c = 48, -x - 2*c = -17. What is the remainder when x is divided by 14?
7
Suppose -3*n + 4 = -5. Suppose 0 = -0*i - n*i + 177. What is the remainder when i is divided by 15?
14
Let w(f) = 2*f - 1 + 2 + 0. Let n be w(2). Suppose 47 = -n*y + 137. Calculate the remainder when y is divided by 10.
8
Let i = 0 - -10. Let u = -1 - 6. Let d = -3 - u. Calculate the remainder when i is divided by d.
2
Suppose 0 = 2*p + 2*p. Let d = 2 + p. Suppose 21 = 4*c - 5*f, -d*c - 3*f = c - 9. Calculate the remainder when 6 is divided by c.
2
Suppose -5*r - 85 + 335 = 0. Suppose 0*t = 2*t - k + 51, 2*k - r = 2*t. Let d = t - -57. Calculate the remainder when d is divided by 8.
7
Suppose -28 = -5*s + 3*t, 3*s + t = -3*t + 11. Calculate the re